. What are the prime factors of t?
3, 5, 193
Suppose -6 = -3*b, -q - 2*b = -0*q - 445. Suppose 5*n - 5*u = 570 + 15, -4*n - 5*u + q = 0. What are the prime factors of n?
2, 3, 19
Let i(d) = d**3 + d**2 - 8*d - 6. Let j be i(-3). Suppose -12 = -3*w, -w + j*w = 5*s - 14. Suppose -o = s*o - 33. What are the prime factors of o?
11
Let f = 14 - -23. List the prime factors of -16 + 16 + (-6)/2 + f.
2, 17
Let q be 9/((42/10)/7). Let w be 23744/20 + (q/(-25))/3. Suppose -w + 195 = -4*g. What are the prime factors of g?
2, 31
Suppose r - 5*s - 71 - 275 = 0, 0 = -5*r - 5*s + 1850. Let z(g) = 3*g - 2*g - r + 420. List the prime factors of z(-11).
43
Let a = -22 - -2. Let d = 24 + a. Suppose -3*y - m + 624 = 0, -m = -d*y + 208 + 624. List the prime factors of y.
2, 13
Let l be (-171)/15 - (-12)/(-20). Let w be l - -12 - (3 - -1). Let v = w - -50. List the prime factors of v.
2, 23
Suppose 54 = 2*p - 30. What are the prime factors of ((-618)/9)/((-4)/p)?
7, 103
Let f(l) = -l + 12. Let a be f(7). Suppose h - 2*x + a = -1, 3 = 2*h - x. Suppose 3*g + g - 480 = h*p, 4*p - 12 = 0. What are the prime factors of g?
3, 41
Let s = -122 - -125. Suppose 0 = -x + 4*t, 6*t = -s*x + t - 17. What are the prime factors of (-20834)/(-88) + 3/x?
2, 59
Let f(z) = z**2 - 2*z + 1. Let d(u) = 4*u**2 - 53*u + 41. Let o(q) = 2*d(q) - 10*f(q). List the prime factors of o(-42).
2, 3, 13
Let m(p) = -5*p**3 + 12*p**2 + 77*p + 959. What are the prime factors of m(-11)?
8219
Suppose 0*m - 3*m = -6*m. Suppose m = -11*l + 1433 + 1053. List the prime factors of l.
2, 113
Let r(c) be the second derivative of 31*c**3/6 - 21*c**2/2 + 10*c. Let n be r(4). Let a = 234 - n. List the prime factors of a.
131
Let b = -145 + 560. Let o = 74 - -338. Suppose 2*f = 6*f + 4*l - o, 4*f - b = -l. List the prime factors of f.
2, 13
Let x = 4666 - 2771. Suppose 0 = -7*o + x + 6449. What are the prime factors of o?
2, 149
Let z(u) = 53*u + 307. Let c be z(5). Let w = 632 + c. What are the prime factors of w?
2, 7, 43
What are the prime factors of (10278/21)/((-36)/(-252)) + 2/1?
2, 857
Suppose 43*k = -14772 + 1292463 + 1521910. What are the prime factors of k?
7, 71, 131
Let u = -77 - -54. Let j(y) = y**3 + 22*y**2 - 43*y + 90. List the prime factors of j(u).
2, 5, 11
Let s(m) = -37183*m - 216. List the prime factors of s(-2).
2, 5, 1483
Let q = -85 + -61. Let f = 197 - q. What are the prime factors of f?
7
Let s(a) = 2*a - 1. Let w be s(3). Suppose w*m = 13*m - 13096. What are the prime factors of m?
1637
Let l(f) = -2*f - 24. Let i(z) = -z**3 - 4*z**2 + 2*z - 5. Let u be i(-4). Let o be l(u). List the prime factors of o + (-12)/2 - -165.
7, 23
Let h(x) be the first derivative of -x**3/3 + 36*x**2 - 76*x + 100. What are the prime factors of h(22)?
2
Suppose -1395097 = -51*h + 474461. List the prime factors of h.
2, 18329
Suppose 6*q + 51358 = 5*j, -2*q - 10266 = 2477*j - 2478*j. What are the prime factors of j?
2, 5, 257
Let f = 20 - 10. Let d(m) = -m + 16. Let n be d(f). Suppose 0 = n*g + g - 371. What are the prime factors of g?
53
Suppose 5*t = -0*v - 2*v - 7442, 5*t + 7443 = -3*v. Let x = -1000 - t. List the prime factors of x.
2, 61
Let c(o) = o**3 - 13*o**2 + 18*o - 16. Let q be c(9). Suppose -15*g + 567 + 288 = 0. Let r = g - q. List the prime factors of r.
5, 47
Let k(h) = h**2 - 20*h + 40. Suppose q + 21 = x, 0 = 4*x - 10*q + 5*q - 85. What are the prime factors of k(x)?
2, 5
Suppose -c + 3 = 0, -c + 63 = -k - 2*c. Let d be 6/10 - k/15. What are the prime factors of 85*(3/d)/(-3)*-5?
5, 17
Suppose -26 = -3*y - 4*o, -19 - 1 = -5*y - 2*o. Suppose -y*d = -44 - 22. Suppose m = -4 + d. What are the prime factors of m?
29
Suppose 2733 = 2*s + 4*l - 4809, -4*s = -l - 15066. List the prime factors of s.
3767
Let p(x) = -161*x - 24. Suppose 2 = -5*y + h - 8, -5*y + 2*h - 10 = 0. What are the prime factors of p(y)?
2, 149
Let l(v) be the third derivative of 107*v**4/24 + 31*v**3/6 - 40*v**2 + 1. List the prime factors of l(7).
2, 3, 5, 13
Suppose -2*n = 3*w - 1544, -4*w = 4*n - 3001 - 91. What are the prime factors of n?
5, 31
Suppose 0 = 22*m - 25*m - 15. Let f be (12/m)/((-21)/(-30) + -1). Let x(k) = 2*k + 37. List the prime factors of x(f).
53
Let x = 13784 - 4759. What are the prime factors of x?
5, 19
Suppose -5*y = 5*b - 1740, 0 = b + 4*b. Let g = 59 + y. Suppose 9*r - 259 - g = 0. List the prime factors of r.
2, 37
Let c = -33 - -47. Suppose 16*l - c*l = 4. Suppose -4 = -l*u, 141 + 147 = 4*b + 4*u. List the prime factors of b.
2, 5, 7
Let x(a) = -a**2 + 10*a + 11. Suppose -k - 3*k + 121 = -v, 5*k + 3*v - 164 = 0. Suppose 41 = 12*d - k. List the prime factors of x(d).
5, 7
Suppose -72 = -25*x + 17*x. Suppose -14*w = -x*w - 2285. List the prime factors of w.
457
Suppose 0 = 2*a, -2*j + 3 = 3*a - 1. Let t be (-5 + (j - -3))/(2 - 3). Let z(s) = 2*s + 72. What are the prime factors of z(t)?
2, 3
Let y(a) = -a**3 - 21*a**2 - 105*a + 19. List the prime factors of y(-29).
2, 3, 17
Suppose 5*s = -3*u + 47132, 3*s = 2*u - 0*s - 31396. What are the prime factors of u?
2, 13, 151
Let l(g) be the first derivative of -g**4/4 - 34*g**3/3 - 3*g**2/2 + 59*g - 73. What are the prime factors of l(-34)?
7, 23
Let j = -58 - -70. Suppose 9*r = j*r. Suppose 91*i - 90*i - 11 = r. List the prime factors of i.
11
What are the prime factors of (1/(-1))/((-8429148)/247916 + 34)?
61979
Let o = 604 + -601. Let a(u) = 338*u + 9. List the prime factors of a(o).
3, 11, 31
Let m(v) = v**2 - 22*v + 120. Let g be m(12). Let j(i) = 0*i**3 + 0*i**2 + i + 28 + 2*i**2 - i**3. What are the prime factors of j(g)?
2, 7
Suppose 0 = -i + 4*j + 550, -4*j + 1044 = 5*i - 1754. Suppose -g + i = -4*g. Let n = -113 - g. List the prime factors of n.
73
Suppose 0 = 2*v - 7*v + 495. Let n = v - 105. Let k(f) = f**3 + 9*f**2 + 9*f + 21. List the prime factors of k(n).
3, 5
Let v be (108/(-8))/(1 - (-59)/(-56)). Let m be (v/10)/((-6)/(-15)). Let o = -51 + m. What are the prime factors of o?
2, 3
Let d(g) = 2*g**3 - 15*g**2 + 8*g + 2. Let j be d(7). Let t(x) = -2*x**2 + 4*x + 9. Let k be t(j). What are the prime factors of 5 - ((5 - 5) + k)?
2, 61
Let y = -92 + 154. Suppose y*v - 6266 = 49*v. List the prime factors of v.
2, 241
Suppose -5*a + 2 + 3 = -5*d, -2*d - 2 = 3*a. Suppose a = -w - 78 + 96. What are the prime factors of w?
2, 3
Let s(w) = -30*w + 30. Let h be s(1). Suppose h = 8*l + l - 2142. What are the prime factors of l?
2, 7, 17
Suppose -4*s - 395 = -3*k + 789, 0 = -3*k + 2*s + 1186. What are the prime factors of k?
2, 3, 11
Suppose 31*s + 25*s - 865536 = 0. What are the prime factors of s?
2, 3, 7, 23
Suppose -1 - 7 = 4*c. Let u be 120/6 - 0/c. What are the prime factors of u*5*3/4?
3, 5
Let z be (-3 - -11)*36/8. Let p = -46 + z. List the prime factors of 346*((-6)/(-30))/((-4)/p).
173
Let z be (-6)/(-14)*7 - 3. Suppose 9*g - 318 - 33 = z. What are the prime factors of g?
3, 13
Suppose -721 = -11*v + 236. Let s = v + 114. List the prime factors of s.
3, 67
Let z(s) = s**2 - 8*s + 12. Let q be z(7). Suppose 4*l - q*u + 769 = 0, -l - u = u + 176. Let k = l + 329. List the prime factors of k.
11, 13
Suppose 56*m = 601761 - 165766 + 620949. What are the prime factors of m?
2, 9437
Let c(h) = 3*h**3 - 5*h**2 + 7*h - 1. Let z be c(3). Let w be 3/(-18) - z/(-48). What are the prime factors of (5/1 - w)*213/12?
71
Suppose 5*z - 2*c + 4972 = 0, -3972 = 4*z - 13*c + 10*c. Let o = 2147 + z. What are the prime factors of o?
1151
Let l be (3 - 0)*(-6 + (-350)/(-42)). Suppose 2278 + 1698 = l*z. What are the prime factors of z?
2, 71
Let d(l) be the first derivative of -l**3/3 - 7*l**2/2 + 255*l - 3. What are the prime factors of d(0)?
3, 5, 17
Let q(k) = 12*k + 18. Let f be q(4). Let n = -70 + f. What are the prime factors of n*(409/(-18) + 4/18)?
2, 3, 5
Suppose 5*u - 10 = 0, h - 22 = -h + 4*u. Let m be (h/(-20) + 5/4)*10. Suppose 32 = -m*j + 547. What are the prime factors of j?
103
Let o = -254 + 258. Suppose -4*r - 3*s + 1784 = 0, -3*r + 750 = -o*s - 563. What are the prime factors of r?
443
Let d be 1054/3 - (-7)/(-21). Let n = d - 12. List the prime factors of n.
3, 113
Let w = 94547 - 63095. List the prime factors of w.
2, 3, 2621
Let y be (-32496)/36*(-9)/(-6). Let v = -860 - y. List the prime factors of v.
2, 13, 19
Suppose -3*x + 46 + 8 = 0. 